{"id":75,"date":"2018-05-21T19:40:47","date_gmt":"2018-05-21T17:40:47","guid":{"rendered":"http:\/\/www.drcadic.com\/?page_id=75"},"modified":"2025-05-07T11:39:18","modified_gmt":"2025-05-07T09:39:18","slug":"prendre-rdv","status":"publish","type":"page","link":"https:\/\/www.drcadic.com\/index.php\/prendre-rdv\/","title":{"rendered":"Prendre RDV"},"content":{"rendered":"<p>Cette partie du site internet vous permet de r\u00e9server votre rendez-vous de consultation depuis votre smartphone ou votre navigateur web. Veuillez, s\u2019il vous plait, saisir vos pr\u00e9f\u00e9rences dans le formulaire ci-dessous pour permettre au robot de prise de rendez vous de vous proposer les meilleurs dates parmi celles encore disponibles dans le planning des consultations du Dr CADIC.<\/p>\n<p>Une fois le processus de r\u00e9servation finalis\u00e9 , vous recevrez une confirmation de la plage horaire et du jour dans votre boite email.<\/p>\n<p>Si vous avez un emp\u00eachement, nous vous remercions de bien vouloir appeler le cabinet le plus rapidement possible au 02.38.64.28.28 pour pouvoir annuler et lib\u00e9rer la plage pour une autre personne (et ne pas laisser tourner des machines pour rien). La d\u00e9marche de prise de RDV en ligne vous engage \u00e0 respecter les dates et les heures afin de ne pas porter pr\u00e9judice au cabinet et ne pas emp\u00eacher d&#8217;autres patients d&#8217;obtenir des rdv rapides. Les &#8220;PAS VENU PAS PREVENU&#8221; ne sont pas accept\u00e9s et ne sont invit\u00e9s \u00e0 choisir un autre m\u00e9decin.<\/p>\n<p><span style=\"text-decoration: underline;\"><strong>Important<\/strong><\/span>: Suite a des remarques sur la rapidit\u00e9 des soins, nous rappelons que le centre est \u00e9quip\u00e9 de lasers rapides et que les soins de balayage sont donc forc\u00e9ment rapides compar\u00e9s \u00e0 d&#8217;autres techniques ou d&#8217;autres lasers plus lents. (<a href=\"https:\/\/www.drcadic.com\/index.php\/2023\/10\/04\/le-docteur-bacle-t-il-le-traitement-depilation-laser\/\" target=\"_blank\" rel=\"noopener\">Plus d&#8217;informations<\/a> sur ce point). La rapidit\u00e9 d&#8217;un soin n&#8217;est pas un crit\u00e8re pour \u00e9valuer son efficacit\u00e9.<\/p>\n<p><span style=\"text-decoration: underline;\"><strong>Important<\/strong><\/span>: Les soins lasers malgr\u00e9 un contexte esth\u00e9tique et plaisir n&#8217;en restent pas moins des actes de nature m\u00e9dicale et comportent des risques. Les br\u00fblures, bien que rarement graves, sont toutes \u00e0 rapporter aux praticiens si elles surviennent, afin de leur permettre de vous apporter les soins les plus attentionn\u00e9s. (<a href=\"https:\/\/www.drcadic.com\/index.php\/2022\/12\/12\/conduite-a-tenir-si-vous-etes-brulee-apres-une-seance-laser\/\" target=\"_blank\" rel=\"noopener\">Plus d&#8217;informations<\/a> sur ce point)<\/p>\n<p><span style=\"color: #ff0000;\"><b>Le port du masque au cabine N&#8217;EST PLUS obligatoire.<\/b><\/span><\/p>\n<!--\nPlugin Name: Bookly \u2013 Responsive WordPress Appointment Booking and Scheduling Plugin\nPlugin URI: https:\/\/www.booking-wp-plugin.com\/?utm_source=bookly_admin&utm_medium=plugins_page&utm_campaign=plugins_page\nVersion: 22.6-->\n    <style type=\"text\/css\">\n        :root {\n            --bookly-main-color: #0830a0 !important;\n        }\n        \/* Color *\/\n        .bookly-form .bookly-form-group > label,\n        .bookly-form .bookly-label-error,\n        .bookly-form .bookly-progress-tracker > .active,\n        .bookly-form .picker__nav--next,\n        .bookly-form .pickadate__nav--prev,\n        .bookly-form .picker__day:hover,\n        .bookly-form .picker__day--selected:hover,\n        .bookly-form .picker--opened .picker__day--selected,\n        .bookly-form .picker__button--clear,\n        .bookly-form .picker__button--today,\n        .bookly-form .bookly-columnizer .bookly-hour span.bookly-waiting-list {\n            color: #0830a0 !important;\n        }\n\n        \/* Background *\/\n        .bookly-form .bookly-progress-tracker > .active .step,\n        .bookly-form .picker__frame,\n        .bookly-form .bookly-service-step .bookly-week-days label,\n        .bookly-form .bookly-repeat-step .bookly-week-days label,\n        .bookly-form .bookly-columnizer .bookly-hour:active .bookly-hour-icon span,\n        .bookly-form .bookly-btn,\n        .bookly-form .bookly-btn:active,\n        .bookly-form .bookly-btn:focus,\n        .bookly-form .bookly-btn:hover,\n        .bookly-form .bookly-btn-submit,\n        .bookly-form .bookly-round,\n        .bookly-form .bookly-square,\n        .bookly-form .bookly-pagination > li.active {\n            background-color: #0830a0 !important;\n        }\n\n        .bookly-form .bookly-triangle {\n            border-bottom-color: #0830a0 !important;\n        }\n\n        \/* Border *\/\n        .bookly-form input[type=\"text\"].bookly-error,\n        .bookly-form input[type=\"password\"].bookly-error,\n        .bookly-form select.bookly-error,\n        .bookly-form textarea.bookly-error,\n        .bookly-form .bookly-week-days.bookly-error,\n        .bookly-extra-step div.bookly-extras-thumb.bookly-extras-selected {\n            border: 2px solid #0830a0 !important;\n        }\n\n        \/* Other *\/\n        .bookly-form .picker__header {\n            border-bottom: 1px solid #0830a0 !important;\n        }\n\n        .bookly-form .picker__nav--next:before {\n            border-left: 6px solid #0830a0 !important;\n        }\n\n        .bookly-form .picker__nav--prev:before {\n            border-right: 6px solid #0830a0 !important;\n        }\n\n        .bookly-form .bookly-service-step .bookly-week-days label.active, .bookly-form .bookly-repeat-step .bookly-week-days label.active {\n            background: #0830a0 url(https:\/\/www.drcadic.com\/wp-content\/plugins\/bookly-responsive-appointment-booking-tool\/frontend\/resources\/images\/checkbox.png) 0 0 no-repeat !important;\n        }\n\n        .bookly-form .bookly-columnizer .bookly-day, .bookly-form .bookly-schedule-date {\n            background: #0830a0 !important;\n            border: 1px solid #0830a0 !important;\n        }\n\n        .bookly-form .bookly-pagination > li.active a {\n            border: 1px solid #0830a0 !important;\n        }\n\n        .bookly-form .bookly-columnizer .bookly-hour:active {\n            border: 2px solid #0830a0 !important;\n            color: #0830a0 !important;\n        }\n\n        .bookly-form .bookly-columnizer .bookly-hour:active .bookly-hour-icon {\n            background: none;\n            border: 2px solid #0830a0 !important;\n            color: #0830a0 !important;\n            width: auto;\n            height: auto;\n            padding: 3px;\n            border-radius: 25px;\n            margin-right: 3px;\n        }\n\n        .bookly-form .bookly-columnizer .bookly-hour:active .bookly-hour-icon span {\n            background-color: #0830a0 !important;\n            width: 8px;\n            height: 8px;\n            border-radius: 10px;\n            display: block;\n        }\n\n        @media (hover) {\n            .bookly-form .bookly-columnizer .bookly-hour:hover {\n                border: 2px solid #0830a0 !important;\n                color: #0830a0 !important;\n            }\n\n            .bookly-form .bookly-columnizer .bookly-hour:hover .bookly-hour-icon {\n                background: none;\n                border: 2px solid #0830a0 !important;\n                color: #0830a0 !important;\n            }\n\n            .bookly-form .bookly-columnizer .bookly-hour:hover .bookly-hour-icon span {\n                background-color: #0830a0 !important;\n            }\n        }\n    <\/style>\n\n<div id=\"bookly-form-69e49b99d0a0a\" class=\"bookly-form\" data-form_id=\"69e49b99d0a0a\">\n    <div style=\"text-align: center\"><img decoding=\"async\" src=\"https:\/\/www.drcadic.com\/wp-includes\/js\/tinymce\/skins\/lightgray\/img\/loader.gif\" alt=\"Chargement...\"\/><\/div>\n<\/div>\n<script type=\"text\/javascript\">\n    (function (win, fn) {\n        var done = false, top = true,\n            doc = win.document,\n            root = doc.documentElement,\n            modern = doc.addEventListener,\n            add = modern ? 'addEventListener' : 'attachEvent',\n            rem = modern ? 'removeEventListener' : 'detachEvent',\n            pre = modern ? '' : 'on',\n            init = function(e) {\n                if (e.type == 'readystatechange') if (doc.readyState != 'complete') return;\n                (e.type == 'load' ? win : doc)[rem](pre + e.type, init, false);\n                if (!done) { done = true; fn.call(win, e.type || e); }\n            },\n            poll = function() {\n                try { root.doScroll('left'); } catch(e) { setTimeout(poll, 50); return; }\n                init('poll');\n            };\n        if (doc.readyState == 'complete') fn.call(win, 'lazy');\n        else {\n            if (!modern) if (root.doScroll) {\n                try { top = !win.frameElement; } catch(e) { }\n                if (top) poll();\n            }\n            doc[add](pre + 'DOMContentLoaded', init, false);\n            doc[add](pre + 'readystatechange', init, false);\n            win[add](pre + 'load', init, false);\n        }\n    })(window, function() {\n        window.bookly( {\"form_id\":\"69e49b99d0a0a\",\"status\":{\"booking\":\"new\"},\"skip_steps\":{\"service_part1\":0,\"service_part2\":0,\"extras\":1,\"time\":0,\"repeat\":1,\"cart\":0},\"errors\":{\"session_error\":\"Erreur Session.\",\"form_id_error\":\"ID Formulaire d'erreur.\",\"cart_item_not_available\":\"Les cr\\u00e9neaux en surbrillance ne sont plus disponibles. Veuillez choisir un autre horaire..\",\"pay_locally_not_available\":\"Le paiement local n'est pas disponible.\",\"invalid_gateway\":\"Portail invalide.\",\"payment_error\":\"Erreur\",\"incorrect_username_password\":\"Identifiant ou mot de passe incorrect.\"},\"form_attributes\":{\"hide_categories\":false,\"hide_services\":false,\"hide_staff_members\":false,\"show_number_of_persons\":false,\"hide_service_duration\":true,\"hide_locations\":true,\"hide_quantity\":true,\"hide_date\":false,\"hide_week_days\":false,\"hide_time_range\":false},\"use_client_time_zone\":0,\"firstDay\":1,\"date_format\":\"d mmmm yyyy\",\"defaults\":{\"service_id\":0,\"staff_id\":0,\"location_id\":0,\"category_id\":0},\"facebook\":{\"enabled\":0,\"appId\":\"\"}} );\n    });\n<\/script>\n<p>&nbsp;<\/p>\n<p>&nbsp;<\/p>\n<p>&nbsp;<\/p>\n<p>&nbsp;<\/p>\n","protected":false},"excerpt":{"rendered":"<p>Cette partie du site internet vous permet de r\u00e9server votre rendez-vous de consultation depuis votre smartphone ou votre navigateur web. Veuillez, s\u2019il vous plait, saisir vos pr\u00e9f\u00e9rences dans le formulaire ci-dessous pour permettre au robot de prise de rendez vous de vous proposer les meilleurs dates parmi celles encore disponibles dans le planning des consultations <a class=\"more-link\" href=\"https:\/\/www.drcadic.com\/index.php\/prendre-rdv\/\">la suite&#8230; <i class=\"fa fa-chevron-right\"><\/i><\/a><\/p>\n","protected":false},"author":2,"featured_media":0,"parent":0,"menu_order":0,"comment_status":"closed","ping_status":"closed","template":"page-fullwidth.php","meta":{"footnotes":""},"_links":{"self":[{"href":"https:\/\/www.drcadic.com\/index.php\/wp-json\/wp\/v2\/pages\/75"}],"collection":[{"href":"https:\/\/www.drcadic.com\/index.php\/wp-json\/wp\/v2\/pages"}],"about":[{"href":"https:\/\/www.drcadic.com\/index.php\/wp-json\/wp\/v2\/types\/page"}],"author":[{"embeddable":true,"href":"https:\/\/www.drcadic.com\/index.php\/wp-json\/wp\/v2\/users\/2"}],"replies":[{"embeddable":true,"href":"https:\/\/www.drcadic.com\/index.php\/wp-json\/wp\/v2\/comments?post=75"}],"version-history":[{"count":17,"href":"https:\/\/www.drcadic.com\/index.php\/wp-json\/wp\/v2\/pages\/75\/revisions"}],"predecessor-version":[{"id":540,"href":"https:\/\/www.drcadic.com\/index.php\/wp-json\/wp\/v2\/pages\/75\/revisions\/540"}],"wp:attachment":[{"href":"https:\/\/www.drcadic.com\/index.php\/wp-json\/wp\/v2\/media?parent=75"}],"curies":[{"name":"wp","href":"https:\/\/api.w.org\/{rel}","templated":true}]}}