{"id":303,"date":"2022-03-03T10:52:12","date_gmt":"2022-03-03T09:52:12","guid":{"rendered":"https:\/\/www.drcadic.com\/?page_id=303"},"modified":"2022-03-03T11:50:33","modified_gmt":"2022-03-03T10:50:33","slug":"laser-alexandrite-medicaux-et-epilation-laser","status":"publish","type":"page","link":"https:\/\/www.drcadic.com\/index.php\/laser-alexandrite-medicaux-et-epilation-laser\/","title":{"rendered":"Laser Alexandrite m\u00e9dical et \u00e9pilation laser"},"content":{"rendered":"<p>Le laser alexandrite est bas\u00e9 sur la production de lumi\u00e8re \u00e0 l\u2019aide d\u2019un cristal d\u2019alexandrite. La lumi\u00e8re est calibr\u00e9e pour une longueur d\u2019onde bien pr\u00e9cise de 755 nanom\u00e8tres (rouge profond)<\/p>\n<p><img loading=\"lazy\" decoding=\"async\" class=\"aligncenter size-full wp-image-291\" src=\"https:\/\/www.drcadic.com\/wp-content\/uploads\/2022\/03\/rod.jpg\" alt=\"\" width=\"350\" height=\"248\" srcset=\"https:\/\/www.drcadic.com\/wp-content\/uploads\/2022\/03\/rod.jpg 350w, https:\/\/www.drcadic.com\/wp-content\/uploads\/2022\/03\/rod-300x213.jpg 300w\" sizes=\"(max-width: 350px) 100vw, 350px\" \/><\/p>\n<p>Cette longueur d\u2019onde, qui correspond \u00e0 une couleur dans le rouge, est fortement absorb\u00e9e par la m\u00e9lanine de la peau et notamment celle du poil. C\u2019est cette propri\u00e9t\u00e9 qui est utilis\u00e9e pour chauffer le poil pour le d\u00e9truire.<\/p>\n<p>Le laser Alexandrite est surtout r\u00e9serv\u00e9 \u00e0 l\u2019\u00e9pilation des peaux claires. La plupart du temps, le tir laser est coupl\u00e9 \u00e0 un syst\u00e8me de refroidissement par jet de gaz r\u00e9frig\u00e9rant ou par soufflerie d\u2019air froid.<\/p>\n<p>Il existe des cat\u00e9gories de lasers Alexandrite produisant des temps d\u2019exposition tr\u00e8s brefs de l\u2019ordre de la nanoseconde. On parle de laser Q switch. Ces lasers particuliers sont indiqu\u00e9s dans le traitement des taches pigmentaires et les ablations de tatouages.<\/p>\n","protected":false},"excerpt":{"rendered":"<p>Le laser alexandrite est bas\u00e9 sur la production de lumi\u00e8re \u00e0 l\u2019aide d\u2019un cristal d\u2019alexandrite. La lumi\u00e8re est calibr\u00e9e pour une longueur d\u2019onde bien pr\u00e9cise de 755 nanom\u00e8tres (rouge profond) Cette longueur d\u2019onde, qui correspond \u00e0 une couleur dans le rouge, est fortement absorb\u00e9e par la m\u00e9lanine de la peau et notamment celle du poil. <a class=\"more-link\" href=\"https:\/\/www.drcadic.com\/index.php\/laser-alexandrite-medicaux-et-epilation-laser\/\">la suite&#8230; <i class=\"fa fa-chevron-right\"><\/i><\/a><\/p>\n","protected":false},"author":2,"featured_media":0,"parent":0,"menu_order":0,"comment_status":"closed","ping_status":"closed","template":"","meta":{"footnotes":""},"_links":{"self":[{"href":"https:\/\/www.drcadic.com\/index.php\/wp-json\/wp\/v2\/pages\/303"}],"collection":[{"href":"https:\/\/www.drcadic.com\/index.php\/wp-json\/wp\/v2\/pages"}],"about":[{"href":"https:\/\/www.drcadic.com\/index.php\/wp-json\/wp\/v2\/types\/page"}],"author":[{"embeddable":true,"href":"https:\/\/www.drcadic.com\/index.php\/wp-json\/wp\/v2\/users\/2"}],"replies":[{"embeddable":true,"href":"https:\/\/www.drcadic.com\/index.php\/wp-json\/wp\/v2\/comments?post=303"}],"version-history":[{"count":2,"href":"https:\/\/www.drcadic.com\/index.php\/wp-json\/wp\/v2\/pages\/303\/revisions"}],"predecessor-version":[{"id":306,"href":"https:\/\/www.drcadic.com\/index.php\/wp-json\/wp\/v2\/pages\/303\/revisions\/306"}],"wp:attachment":[{"href":"https:\/\/www.drcadic.com\/index.php\/wp-json\/wp\/v2\/media?parent=303"}],"curies":[{"name":"wp","href":"https:\/\/api.w.org\/{rel}","templated":true}]}}