{"id":249,"date":"2022-03-02T14:34:05","date_gmt":"2022-03-02T13:34:05","guid":{"rendered":"https:\/\/www.drcadic.com\/?page_id=249"},"modified":"2024-06-03T16:24:03","modified_gmt":"2024-06-03T14:24:03","slug":"un-non-medecin-peut-il-legalement-pratiquer-lepilation-laser-definitive","status":"publish","type":"page","link":"https:\/\/www.drcadic.com\/index.php\/un-non-medecin-peut-il-legalement-pratiquer-lepilation-laser-definitive\/","title":{"rendered":"Un non m\u00e9decin peut il l\u00e9galement pratiquer l&#8217;\u00e9pilation laser d\u00e9finitive ?"},"content":{"rendered":"<p><strong>Un non m\u00e9decin peut il l\u00e9galement pratiquer l&#8217;\u00e9pilation laser d\u00e9finitive ?<\/strong><\/p>\n<p>Depuis un d\u00e9cret du 24 mai 2024 lib\u00e9ralisant le laser non th\u00e9rapeutique il est possible de r\u00e9aliser des \u00e9pilations laser sans \u00eatre m\u00e9decin et sans surveillance m\u00e9dicale. Dans son grand courage et pour ne pas \u00eatre mis en cause, le l\u00e9gislateur conseille cependant fortement, sans que ca soit obligatoire, d&#8217;avoir quand m\u00eame un avis m\u00e9dical avant de proc\u00e9der.\u00a0 Le d\u00e9cret fixe les modalit\u00e9s d&#8217;une formation obligatoire des op\u00e9rateurs \u00e0 la s\u00e9curit\u00e9 laser. Sans cette formation et tant que les d\u00e9crets fixant les condition de formation \u00e0 la s\u00e9curit\u00e9 ne sont pas sortis, seuls les m\u00e9decins peuvent encore pratiquer en toute s\u00e9curit\u00e9.<\/p>\n<p><strong>La pratique de l&#8217;\u00e9pilation laser par des m\u00e9decins n&#8217;est possible que dans une structure o\u00f9 les m\u00e9decins ont le droit d&#8217;exercer l\u00e9galement<\/strong>: dans les <strong>cabinets m\u00e9dicaux, les h\u00f4pitaux et cliniques<\/strong>,<strong> les plateformes techniques qui louent les lasers<\/strong>. <strong><span style=\"color: #ff0000;\">L&#8217;exercice de la m\u00e9decine et de l&#8217;\u00e9pilation laser dans une structure commerciale est interdite<\/span><\/strong> sous peine de sanction (article 19 du code de d\u00e9ontologie m\u00e9dicale).<\/p>\n<p>&nbsp;<\/p>\n<p>&nbsp;<\/p>\n","protected":false},"excerpt":{"rendered":"<p>Un non m\u00e9decin peut il l\u00e9galement pratiquer l&#8217;\u00e9pilation laser d\u00e9finitive ? Depuis un d\u00e9cret du 24 mai 2024 lib\u00e9ralisant le laser non th\u00e9rapeutique il est possible de r\u00e9aliser des \u00e9pilations laser sans \u00eatre m\u00e9decin et sans surveillance m\u00e9dicale. Dans son grand courage et pour ne pas \u00eatre mis en cause, le l\u00e9gislateur conseille cependant fortement, <a class=\"more-link\" href=\"https:\/\/www.drcadic.com\/index.php\/un-non-medecin-peut-il-legalement-pratiquer-lepilation-laser-definitive\/\">la suite&#8230; <i class=\"fa fa-chevron-right\"><\/i><\/a><\/p>\n","protected":false},"author":2,"featured_media":0,"parent":0,"menu_order":0,"comment_status":"closed","ping_status":"closed","template":"","meta":{"footnotes":""},"_links":{"self":[{"href":"https:\/\/www.drcadic.com\/index.php\/wp-json\/wp\/v2\/pages\/249"}],"collection":[{"href":"https:\/\/www.drcadic.com\/index.php\/wp-json\/wp\/v2\/pages"}],"about":[{"href":"https:\/\/www.drcadic.com\/index.php\/wp-json\/wp\/v2\/types\/page"}],"author":[{"embeddable":true,"href":"https:\/\/www.drcadic.com\/index.php\/wp-json\/wp\/v2\/users\/2"}],"replies":[{"embeddable":true,"href":"https:\/\/www.drcadic.com\/index.php\/wp-json\/wp\/v2\/comments?post=249"}],"version-history":[{"count":3,"href":"https:\/\/www.drcadic.com\/index.php\/wp-json\/wp\/v2\/pages\/249\/revisions"}],"predecessor-version":[{"id":480,"href":"https:\/\/www.drcadic.com\/index.php\/wp-json\/wp\/v2\/pages\/249\/revisions\/480"}],"wp:attachment":[{"href":"https:\/\/www.drcadic.com\/index.php\/wp-json\/wp\/v2\/media?parent=249"}],"curies":[{"name":"wp","href":"https:\/\/api.w.org\/{rel}","templated":true}]}}