{"id":240,"date":"2022-03-02T14:09:17","date_gmt":"2022-03-02T13:09:17","guid":{"rendered":"https:\/\/www.drcadic.com\/?page_id=240"},"modified":"2022-03-02T14:09:17","modified_gmt":"2022-03-02T13:09:17","slug":"les-points-securitaires-a-verifier-avant-de-choisir-son-centre","status":"publish","type":"page","link":"https:\/\/www.drcadic.com\/index.php\/les-points-securitaires-a-verifier-avant-de-choisir-son-centre\/","title":{"rendered":"Les points s\u00e9curitaires \u00e0 v\u00e9rifier avant de choisir son centre"},"content":{"rendered":"<p>Quels sont les points s\u00e9curitaires \u00e0 v\u00e9rifier par le patient avant de pratiquer une \u00e9pilation laser d\u00e9finitive ?<\/p>\n<p>Les soins d&#8217;\u00e9pilation laser sont des actes m\u00e9dicaux soumis aux m\u00eames r\u00e8gles que n&#8217;importe quel acte pratiqu\u00e9 par un m\u00e9decin ou sous son contr\u00f4le.<\/p>\n<p>V\u00e9rifier que le m\u00e9decin est autoris\u00e9 \u00e0 pratiquer dans le d\u00e9partement. Il doit \u00eatre inscrit \u00e0 l&#8217;Ordre des m\u00e9decins du d\u00e9partement d&#8217;exercice. V\u00e9rification en ligne sur l&#8217;annuaire des m\u00e9decins <a href=\"http:\/\/www.conseil-national.medecin.fr\/annuaire\" target=\"_blank\" rel=\"noopener\">www.conseil-national.medecin.fr\/annuaire<\/a><\/p>\n<p>V\u00e9rifier que le m\u00e9decin est bien assur\u00e9 pour la pratique de la m\u00e9decine esth\u00e9tique car les assurances en esth\u00e9tique m\u00e9dicale ne sont pas automatiquement fournies par les assureurs. Un m\u00e9decin las\u00e9riste doit, sous peine de sanction, \u00eatre assur\u00e9. Le devis doit mentionner la compagnie d&#8217;assurance.<\/p>\n<p>V\u00e9rifier que le m\u00e9decin utilise des lasers avec marquage CE MEDICAL et que la maintenance annuelle est faite pour que le mat\u00e9riel reste conforme, s\u00fbr et assurable.<\/p>\n<p>V\u00e9rifier que le m\u00e9decin produit des devis, des factures et respecte son devoir d&#8217;information par remise d&#8217;un consentement \u00e9clair\u00e9.<\/p>\n<p>V\u00e9rifier que le m\u00e9decin respecte les d\u00e9lais de r\u00e9flexion pour tous les actes sup\u00e9rieurs \u00e0 300 EUR.<\/p>\n<p>V\u00e9rifier que le m\u00e9decin tient un dossier m\u00e9dical avec tra\u00e7abilit\u00e9 de vos consultations, de vos traitements et soins laser. C&#8217;est obligatoire et le dossier doit \u00eatre conserv\u00e9 20 ans.<\/p>\n","protected":false},"excerpt":{"rendered":"<p>Quels sont les points s\u00e9curitaires \u00e0 v\u00e9rifier par le patient avant de pratiquer une \u00e9pilation laser d\u00e9finitive ? Les soins d&#8217;\u00e9pilation laser sont des actes m\u00e9dicaux soumis aux m\u00eames r\u00e8gles que n&#8217;importe quel acte pratiqu\u00e9 par un m\u00e9decin ou sous son contr\u00f4le. V\u00e9rifier que le m\u00e9decin est autoris\u00e9 \u00e0 pratiquer dans le d\u00e9partement. Il doit <a class=\"more-link\" href=\"https:\/\/www.drcadic.com\/index.php\/les-points-securitaires-a-verifier-avant-de-choisir-son-centre\/\">la suite&#8230; <i class=\"fa fa-chevron-right\"><\/i><\/a><\/p>\n","protected":false},"author":2,"featured_media":0,"parent":0,"menu_order":0,"comment_status":"closed","ping_status":"closed","template":"","meta":{"footnotes":""},"_links":{"self":[{"href":"https:\/\/www.drcadic.com\/index.php\/wp-json\/wp\/v2\/pages\/240"}],"collection":[{"href":"https:\/\/www.drcadic.com\/index.php\/wp-json\/wp\/v2\/pages"}],"about":[{"href":"https:\/\/www.drcadic.com\/index.php\/wp-json\/wp\/v2\/types\/page"}],"author":[{"embeddable":true,"href":"https:\/\/www.drcadic.com\/index.php\/wp-json\/wp\/v2\/users\/2"}],"replies":[{"embeddable":true,"href":"https:\/\/www.drcadic.com\/index.php\/wp-json\/wp\/v2\/comments?post=240"}],"version-history":[{"count":1,"href":"https:\/\/www.drcadic.com\/index.php\/wp-json\/wp\/v2\/pages\/240\/revisions"}],"predecessor-version":[{"id":241,"href":"https:\/\/www.drcadic.com\/index.php\/wp-json\/wp\/v2\/pages\/240\/revisions\/241"}],"wp:attachment":[{"href":"https:\/\/www.drcadic.com\/index.php\/wp-json\/wp\/v2\/media?parent=240"}],"curies":[{"name":"wp","href":"https:\/\/api.w.org\/{rel}","templated":true}]}}